10. Give d(-13).
16
Let z(d) = d**2 + 15*d + 51. Give z(-8).
-5
Let r(n) = 2*n - 13. Give r(6).
-1
Let t(i) = 11*i + 114. Calculate t(-12).
-18
Let a(d) = d**3 + 19*d**2 + d + 14. What is a(-19)?
-5
Let w(y) = 15*y**2 + 12*y - 4. What is w(-3)?
95
Let p(r) = r**2 + 11*r - 9. Give p(-12).
3
Let o(n) = n - 1. What is o(4)?
3
Let d(g) = g + 12. What is d(-10)?
2
Let a(r) = r - 6. Calculate a(7).
1
Let r(v) = -v**3 + 3*v**2 + 5*v + 1. Calculate r(4).
5
Let s(l) = -8*l**3 - l + 1. What is s(1)?
-8
Let p(y) = y - 13. Calculate p(2).
-11
Let y(i) = -2*i**3 + 3*i**2 + i - 2. Determine y(2).
-4
Let x(u) = 4*u + 1. What is x(-3)?
-11
Let y(l) = 2*l**2 - 7*l. What is y(6)?
30
Let f(n) = -n**3 - 2*n**2 + n + 1. Determine f(1).
-1
Let d(u) = 3*u**2 - 3*u - 2. Determine d(-2).
16
Let p(y) = y**3 + 10*y**2 + 24*y - 7. Calculate p(-4).
-7
Let b(n) = -2*n + 7. What is b(9)?
-11
Let p(l) = -l**3 - 7*l**2 - l - 16. Calculate p(-7).
-9
Let m(i) = i**3 - 6*i**2 + 8*i - 3. Give m(5).
12
Let a(w) = -w - 9. What is a(-6)?
-3
Let b(j) = -2*j + 1. Calculate b(4).
-7
Let m(z) = -4*z + 8. Give m(4).
-8
Let i(j) = j**2 + 6*j + 4. Calculate i(-3).
-5
Let o(n) = -n - 7. Give o(-6).
-1
Let i(n) = 69*n + 12. Give i(-1).
-57
Let t(n) = n + 8. Calculate t(-6).
2
Let w(a) = a**3 - 3*a**2 - 6. Calculate w(3).
-6
Let m(s) = 19*s**2 - 4*s. Calculate m(2).
68
Let j(c) = -c**3 - 10*c**2 - 16*c + 3. Calculate j(-8).
3
Let x(s) = s**3 + 25*s**2 + 26*s + 49. Give x(-24).
1
Let d(y) = -33*y + 15. Calculate d(4).
-117
Let g(o) = o**3 - 7*o**2 + 6*o + 1. Calculate g(6).
1
Let v(q) = 2*q + 71. Calculate v(-28).
15
Let a(i) = i**2 - 6*i - 10. What is a(7)?
-3
Let d(v) = -v**2 + 22*v - 18. What is d(21)?
3
Let r(l) = -l + 1. Determine r(-4).
5
Let c(u) = -8*u - 3. What is c(-2)?
13
Let d(v) = 6*v + 7. Give d(-3).
-11
Let z(m) = -2*m**3 + 55*m**2 + 27*m + 33. Calculate z(28).
5
Let d(x) = -x**2 - 2*x - 4. Calculate d(-4).
-12
Let p(d) = -d**2 - d - 2. Give p(-2).
-4
Let g(h) = 15*h - 79. Give g(7).
26
Let g(y) = -40*y**3 - y**2 + y - 1. What is g(1)?
-41
Let s(k) = -k**2 + 2*k - 1. Give s(2).
-1
Let s(k) = -9*k + 16. Determine s(-1).
25
Let z(h) = -h**2 + 6*h + 12. What is z(8)?
-4
Let y(x) = -x**3 + 11*x**2 - 11*x + 3. Give y(10).
-7
Let a(t) = 3*t + 21. Give a(-8).
-3
Let p(l) = -l**3 - 4*l**2 + 8*l - 3. Calculate p(-6).
21
Let d(v) = v - 9. Determine d(9).
0
Let z(y) = y**3 + 8*y**2 - 9*y + 16. Calculate z(-9).
16
Let c(w) = -w**3 + 6*w**2 - 2*w - 9. What is c(5)?
6
Let v(g) = g**3 + 5*g**2 + 9*g + 99. Determine v(-6).
9
Let w(l) = -4*l + 1. Determine w(-2).
9
Let w(m) = m**3 + 17*m**2 + 31*m + 11. What is w(-15)?
-4
Let a(j) = -j**3 - 3*j**2 + 6*j - 8. Determine a(-5).
12
Let h(z) = 3*z**2 - 4*z - 4. What is h(-2)?
16
Let w(b) = -7*b + 3. Determine w(8).
-53
Let b(t) = -t**2 + 7*t + 15. What is b(7)?
15
Let d(w) = w**3 + 10*w**2 - 8*w - 27. Give d(-11).
-60
Let u(q) = 16*q**2 - q + 1. What is u(1)?
16
Let x(a) = 4*a - 3. Calculate x(-3).
-15
Let i(j) = 47*j + 468. Calculate i(-10).
-2
Let l(a) = -11*a + 204. What is l(19)?
-5
Let y(k) = -2*k**3 + 31*k**2 - 22*k - 7. Determine y(15).
-112
Let b(d) = 2*d + 3. Determine b(-7).
-11
Let t(s) = -s**3 - 7*s**2 - 5*s - 6. Calculate t(-6).
-12
Let n(h) = -3*h**3 - 36*h**2 - h + 24. Determine n(-12).
36
Let q(f) = f**2 + 11*f - 1. Calculate q(-11).
-1
Let w(i) = -2*i**3 + 12*i**2 - 14. Determine w(5).
36
Let o(a) = 18*a + 189. Give o(-10).
9
Let q(w) = 6*w. Determine q(2).
12
Let v(z) = 3*z**2 + 27*z + 20. Determine v(-8).
-4
Let r(k) = k + 13. What is r(-9)?
4
Let h(w) = w**2 + 11*w - 2. Give h(0).
-2
Let q(z) = 3*z**2 - 13*z + 10. Determine q(4).
6
Let j(f) = -5*f. Give j(-8).
40
Let p(d) = -d**3 + 7*d**2 + 24*d - 96. Calculate p(9).
-42
Let l(r) = -6*r**3 - r + 2. Give l(1).
-5
Let k(i) = -2*i**3 + 31*i**2 + 15*i + 19. Calculate k(16).
3
Let y(q) = -3*q + 3. What is y(-4)?
15
Let g(n) = -n**3 - 8*n**2 - 9*n - 4. Calculate g(-7).
10
Let k(n) = 5*n + 7. Determine k(2).
17
Let q(v) = v**3 - 16*v**2 + 14*v + 1. Give q(15).
-14
Let h(u) = -u**2 + 9*u + 25. Calculate h(11).
3
Let k(f) = f**2 - 19. Calculate k(-3).
-10
Let t(b) = -b**3 + 24*b**2 - b + 29. What is t(24)?
5
Let i(y) = 9*y**2 - 10*y + 39. Determine i(3).
90
Let g(m) = -m**2 + m + 12. What is g(0)?
12
Let z(y) = -y**2 - 78*y - 944. Determine z(-15).
1
Let p(s) = s**2 + s + 2. Calculate p(0).
2
Let w(y) = 2*y**3 - 4*y**2 + 3*y. Calculate w(2).
6
Let v(t) = t**2 + 2*t + 3. Calculate v(-1).
2
Let d(j) = j**3 + 15*j**2 + 14*j - 4. Calculate d(-14).
-4
Let p(u) = 2*u**2 - 7*u + 6. What is p(1)?
1
Let v(u) = 39*u**2. Determine v(1).
39
Let t(w) = -2*w**2 - 2*w + 59. Determine t(-6).
-1
Let n(y) = -7*y**2 - 23*y - 6. Give n(-3).
0
Let b(s) = 7*s - 100. Give b(17).
19
Let d(u) = u**2 + 6*u - 17. What is d(-7)?
-10
Let b(r) = -14*r**2 - 2*r - 1. Determine b(-1).
-13
Let v(m) = -3*m**3 - 3*m**2 - m + 1. Determine v(-2).
15
Let w(m) = -7*m**3 - 5*m**2 + 6*m - 7. Calculate w(2).
-71
Let o(u) = u**3 + 2*u**2 - 16*u - 25. Determine o(-4).
7
Let o(t) = -2*t - 3. What is o(11)?
-25
Let v(y) = -y**3 - 4*y**2 + 5*y + 4. Calculate v(-4).
-16
Let j(b) = -27*b**2 - 2*b + 2. Calculate j(1).
-27
Let b(c) = -4*c**2 + 12*c. Calculate b(4).
-16
Let x(n) = n**2 - 5*n + 7. Give x(2).
1
Let g(x) = -2*x**2 + 33*x + 18. Give g(17).
1
Let w(q) = -q**2 - 3*q + 12. What is w(13)?
-196
Let x(c) = c**2 - 3*c - 11. What is x(-5)?
29
Let m(y) = -2*y**3 - 16*y**2 + y - 1. Give m(-8).
-9
Let h(r) = -3*r + 21. Determine h(8).
-3
Let v(c) = 7*c**2 + 2*c + 1. Determine v(-1).
6
Let k(v) = -2*v**2 + 8*v + 5. Calculate k(6).
-19
Let b(d) = -2*d**3 - 20*d**2 + 13*d + 28. Calculate b(-10).
-102
Let h(d) = d**3 - d + 2. Calculate h(0).
2
Let n(j) = j**3 - 7*j**2 - 12*j + 6. What is n(8)?
-26
Let g(x) = -x**3 + 8*x**2 + 17*x + 21. What is g(10)?
-9
Let q(f) = f**3 + 13*f**2 + 15*f + 30. Calculate q(-12).
-6
Let i(q) = -12*q - 52. Give i(-5).
8
Let i(v) = v**3 + 3*v**2 + 8. Calculate i(-4).
-8
Let s(j) = -j**2 + 9*j - 16. Give s(6).
2
Let b(i) = 6*i + 57. What is b(-8)?
9
Let u(t) = 13*t**3 - t**2 + t. Determine u(1).
13
Let t(l) = -3*l**2 + 8*l + 9. Calculate t(-4).
-71
Let x(o) = -o**2 - 4*o - 5. Determine x(-6).
-17
Let p(t) = -t**2 - 19*t - 14. Calculate p(-10).
76
Let c(y) = y**3 - 9*y**2 + 14*y - 13. Give c(6).
-37
Let w(p) = p**3 + 11*p**2 + 20. Calculate w(-11).
20
Let k(a) = 9*a**2 - 3*a - 1. Determine k(0).
-1
Let a(w) = 12*w - 89. Determine a(13).
67
Let c(b) = -b**3 + 50*b**2 + 3*b - 150. Determine c(50).
0
Let b(s) = 32*s**2 + s - 1. Determine b(1).
32
Let t(l) = -13*l**3 - 3*l**2 - 18*l - 16. Determine t(-1).
12
Let w(b) = -5*b**2 + 17*b - 28. Give w(2).
-14
Let u(h) = h**3 - 4*h**2 + 3*h - 33. What is u(5)?
7
Let a(p) = p**2 - 5*p - 20. Calculate a(8).
4
Let o(x) = x**2 - 12*x + 62. What is o(7)?
27
Let d(j) = 9*j. Calculate d(0).
0
Let s(z) = 3*z + 21. What is s(-8)?
-3
Let w(u) = 66*u - 1317. Calculate w(20).
3
Let m(q) = -6*q - 50. Give m(0).
-50
Let x(m) = 18*m - 384. Calculate x(22).
12
Let m(p) = -4*p - 19. Give m(-7).
9
Let l(x) = 5*x**2 - 35*x + 5. Determine l(10).
155
Let x(u) = -u**2 + 11*u + 35. What is x(12)?
23
Let o(w) = -2*w**2 - 2*w - 1. Calculate o(-4).
-25
Let v(r) = r**3 + 6*r**2 + 10*r + 6. Determine v(-4).
-2
Let h(p) = p**3 - 16*p**2 - 35*p - 9. Determine h(18).
9
Let r(b) = -b**3 + 8*b**2 - 3*b + 15. What is r(8)?
-9
Let d(c) = 6*c**3 + 6*c**2 - 5*c + 1. Calculate d(2).
63
Let m(o) = o**2 - 9*o - 45. What is m(13)?
7
Let z(y) = -7*y**3 + 2*y**2 - y. Determine z(1).
-6
Let a(z) = -z**3 - 5*z**2 + 9*z + 6. Determine a(-6).
-12
Let h(w) = -28*w + 62. Give h(6).
-106
Let d(r) = 18*r + 68. What is d(-4)?
-4
Let f(z) = 30*z**3 - 1. Give f(-1).
-31
Let l(r) = 2*r**3 - 85*r**2 - 44*r + 58. Calculate l(43).
15
Let b(h) = -29*h - 117. Calculate b(-6).
57
Let r(g) = -g**2 + 25*g - 112. Calculate r(19).
2
Let c(k) = 5*k**2 + 18*k + 9. Determine c(-5).
44
Let j(s) = 3*s - 3. Calculate j(0).
-3
Let j(f) = -2*f**3 + f**2 - 1. Determine j(2).
-13
Let t(j) = -j**3 - 6*j**2 + 7*j - 11. What is t(-7)?
-11
Let r(h) = h**3 - 7*h**2 + 8*h + 2. Determine r(6).
14
Let w(t) = t**2 - 12*t + 30. Give w(4).
-2
Let f(y) = y**3 - 2*y**2 - 24*y + 72. Determine f(4).
8
Let c(l) = -50*l**2 + 1. What is c(1)?
-49
Let g(f) = -f**3 